) = 170*b. Let u be m(1). Suppose -4*a = -20, -5*c - 8*a = -4*a - u. What are the prime factors of c?
2, 3, 5
Let q(v) = -8*v - 2. List the prime factors of q(-2).
2, 7
Let n = 0 + 10. Let c(q) = q**2 - 10*q + 6. Let o be c(n). Suppose o*y = 3*y + 45. List the prime factors of y.
3, 5
Let y be 6/(-15) - (-4)/10. Let v = -3 + y. Let i = v + 9. What are the prime factors of i?
2, 3
Suppose 3*w - l = 29, w + 0*w - 11 = -l. Let j be ((-14)/w - -2)*5. Suppose -i - j*i + 24 = 0. What are the prime factors of i?
2, 3
Let y = 17 - 1. List the prime factors of y.
2
Suppose o + 12 = 3*o. Let i = o + -4. Suppose -3*c + 0*j + 26 = -i*j, 0 = -2*c + j + 18. List the prime factors of c.
2, 5
Let b = 13 - -31. Suppose -b = -2*a + 6. List the prime factors of a.
5
Let s(o) = 15*o**3 + 5*o**2 - 9*o - 7. Let y(g) = -8*g**3 - 3*g**2 + 5*g + 4. Let l(q) = 6*s(q) + 11*y(q). What are the prime factors of l(2)?
2
Let i(w) = w**2 + w - 2. List the prime factors of i(3).
2, 5
Suppose 2*k + 3 = 19. Suppose -3*o + k + 7 = 0. Suppose 5*m = -15, o*j = 5*m - 35 + 135. List the prime factors of j.
17
Let n(p) = -3*p**2 - 2*p**2 - 1 - 10*p + 4*p**2. Let o(r) = -r + 2. Let d be o(11). List the prime factors of n(d).
2
Suppose 6*n - 6 = 4*n - 4*p, -3*n = -5*p - 9. Suppose -5*j = 3*q - 11, -4*q = -n*j - 0*j - 34. What are the prime factors of q?
7
Let r = 1 - -1. What are the prime factors of r?
2
Let n be (15/25)/((-2)/10). Let a = 6 + n. Let b(c) = 2*c**2 - 3*c + 4. What are the prime factors of b(a)?
13
Suppose -3 = -3*n + 3*p, 3 + 0 = -n + 5*p. Suppose 25 = -n*w + 83. List the prime factors of w.
29
Let q(r) = 4*r + 36. What are the prime factors of q(28)?
2, 37
Let t(l) = -l**3 + 5*l**2 - 3*l + 5. Let k be t(4). Let f be (k/(-15))/(2/(-50)). Let g = f - 1. What are the prime factors of g?
2, 7
Let k be ((-2)/4)/(1/2). Let s = 7 + k. Let d = -4 + s. List the prime factors of d.
2
List the prime factors of (276/(-18))/(2/(-9)).
3, 23
Suppose -16 = -3*p + 5*p. Let q(r) = -r. What are the prime factors of q(p)?
2
Suppose -88 = -2*l + 42. Suppose -4*q + l = 9. List the prime factors of q.
2, 7
Let t = 1 + 4. Suppose 0*c - t*c = -45. List the prime factors of c.
3
Let i(d) = d**2 + 5*d - 11. Let q(g) = -g**3 - 3*g**2 + 2*g - 2. Let c be q(-3). What are the prime factors of i(c)?
13
Let g(k) = 8*k**2 - 4*k. Let z(u) = -7*u**2 + 3*u. Let b(p) = -4*g(p) - 5*z(p). Let s be b(-1). List the prime factors of 31/3 + s/(-6).
2, 5
Suppose -42 = -5*a - p, -3*a = 2*p - 14 - 14. Let o = 16 + a. What are the prime factors of o?
2, 3
Let h = -100 + 193. What are the prime factors of h?
3, 31
Let d(k) = k**2 + 5*k + 3. Let b(j) = -3*j + 8*j + 8*j**2 + j**3 + 3*j. Let a be b(-7). What are the prime factors of d(a)?
17
Suppose 3*h + 0*h = 519. What are the prime factors of h?
173
Suppose -5*l + 2 = -r + 5*r, 21 = 5*r - 3*l. Suppose -r*j - 2*t = 3, -3*j + 4*t + 12 = -3. What are the prime factors of (2 + j/(-2))*6?
3
Let m = 8 - -14. List the prime factors of m.
2, 11
Let t = -163 - -230. List the prime factors of t.
67
Suppose 24*z - 21 = 23*z. List the prime factors of z.
3, 7
Let u(f) = f**2 - 4*f - 5. What are the prime factors of u(-2)?
7
What are the prime factors of (-7)/(-7) - (-38)/2?
2, 5
Let t = 9 + -5. What are the prime factors of t - 2 - (-2 - 3)?
7
Let c(n) be the third derivative of n**4/8 + 13*n**3/3 - n**2. List the prime factors of c(0).
2, 13
Let q be -3*(-9)/3*1. Suppose -s - 2 = -q. List the prime factors of s.
7
Suppose 2*i - 194 + 46 = 3*b, 0 = 5*i + 2*b - 389. What are the prime factors of i?
7, 11
Let o = 363 - 240. What are the prime factors of o?
3, 41
Suppose -4*b + b = -42. What are the prime factors of b?
2, 7
Suppose 2*n - 16 = 6*n, -5*l - 5*n + 10 = 0. What are the prime factors of 24/(-9)*(-27)/l?
2, 3
Let b(x) = -x**3 + 4*x**2 + 2*x**3 - 2*x**3 + 1 + x + 5*x. List the prime factors of b(5).
2, 3
Let a = 18 - -10. Suppose -a + 4 = -4*b. What are the prime factors of b?
2, 3
Let b(j) = -j**2 - 7*j - 4. Let k be b(-6). Suppose -2*r = -3*r - 3*i + 34, k*r + i - 43 = 0. List the prime factors of r.
19
Suppose 4*n - 53 - 39 = 0. List the prime factors of n.
23
Let q be (3/3)/(1/2). Suppose 4 = q*c - 4. List the prime factors of c.
2
Let x = 36 - 16. What are the prime factors of x?
2, 5
Let a = -65 + 133. What are the prime factors of a?
2, 17
Suppose 4*i = 2*g - 24, 5*g - 2*i - 4 - 24 = 0. Suppose t + g = 0, -d + 5*t + 11 + 14 = 0. What are the prime factors of d?
5
Suppose -4*l + 9*l - 15 = 0. Suppose -5 = -l*b + 70. What are the prime factors of b?
5
What are the prime factors of (-1 + (-2 + 3 - -1))*23?
23
Let z(n) = -n**3 - 7*n**2 - 7*n - 2. Let t be z(-6). Suppose t*g = -22 + 2. Let h = 16 + g. List the prime factors of h.
11
Let b(r) = r**3 - 17*r**2 + 12*r - 19. List the prime factors of b(17).
5, 37
Suppose 3*g - 2 - 1 = 0. Suppose 2*c = 2, 0*w - 4*c + 10 = 2*w. What are the prime factors of (w - 1)*2/g?
2
List the prime factors of (0 + 286/(-6))/(2/(-6)).
11, 13
Suppose r + 4*n - 87 - 261 = 0, 0 = 4*r + 4*n - 1440. List the prime factors of r.
2, 7, 13
Suppose 2*g + 2*g = 0. Let j = 5 - -2. Suppose g*f - f + j = 2*s, -45 = -5*f - 5*s. What are the prime factors of f?
11
Let k be (-7)/(-4) + (-2)/(-8). Suppose -2 + 10 = k*v. What are the prime factors of v?
2
Let h(i) = i + 4. Let a be h(-4). Suppose 150 = -a*s - 2*s. What are the prime factors of (-4)/(-14) - s/7?
11
Suppose -5*x + 1110 = 155. What are the prime factors of x?
191
Let x = 16 + -14. Suppose -x*p - 2 = 0, 3*n - p = -2*n + 11. List the prime factors of n.
2
Let x(n) be the first derivative of -n**3/3 + 2*n**2 + n + 2. Let q be x(4). What are the prime factors of ((-3)/(-4))/(q/24)?
2, 3
Suppose 8*q + 2 = 9*q. Suppose q*m - 2*o = 20, 5*o + 7 - 57 = -5*m. List the prime factors of m.
2, 5
Let p(z) = -z**2 + 20*z + 15. Let d be p(15). Let k = d - 55. What are the prime factors of k?
5, 7
Suppose 4*a - 301 = -5*j, -a - 77 = -2*a - 3*j. Suppose c + 4*o - 24 = 0, -3*o + 8*o = -4*c + a. What are the prime factors of c?
2
Let g = 3 - -1. Let a = g + 16. List the prime factors of a.
2, 5
Suppose 135 = 92*a - 89*a. List the prime factors of a.
3, 5
Let v(t) = -4*t + 1. Let u be v(-1). Suppose -1 - 17 = -4*x + 2*i, u*x = -3*i + 6. Suppose -x*w + 0*w + 6 = 0. What are the prime factors of w?
2
Let w = 5 + -3. Suppose o = n + 1 + 2, 0 = -o - w*n + 9. Suppose -o*b + 47 = 2*h - 0*b, -3*h = 5*b - 58. What are the prime factors of h?
11
Suppose 0*l = 5*l + 4*m - 94, -l + 5*m = -13. What are the prime factors of l?
2, 3
Suppose -5*n - 8 = -n. What are the prime factors of (-3 - 5)/n + 26?
2, 3, 5
Let o be (-3)/(-6)*146/1. Let u = -45 + o. What are the prime factors of u?
2, 7
Let l = -48 - -34. What are the prime factors of -1 - (l - -1) - -1?
13
Let h(a) = a**3 + 9*a**2 + 17*a + 6. List the prime factors of h(-5).
3, 7
Suppose 3*t + 0 = 21. List the prime factors of t.
7
Let a(h) = 32*h**2 + 3*h. What are the prime factors of a(1)?
5, 7
Suppose -3*m + f + 730 = -0*m, 0 = -4*m - 2*f + 960. List the prime factors of m.
2, 11
Let i(h) = -h - 3. Let k be i(-8). Suppose -6 = -0*u + 2*u + 4*q, 4*q = -k*u + 9. List the prime factors of u.
5
Let i = 29 - -39. Let p = 106 - i. List the prime factors of p.
2, 19
Suppose -20*v - 90 = -25*v. What are the prime factors of v?
2, 3
Suppose -5*x + 10 = -5. What are the prime factors of x/(46/40 + -1)?
2, 5
Let u(d) = d**2 - 12*d - 15. Let n be u(13). List the prime factors of 24 + 2 + 2/n.
5
Suppose 0 = 5*q + w - 3 - 7, -25 = 5*w. Suppose 20 = q*p + 2*p. What are the prime factors of p?
2
What are the prime factors of 0 - 1 - (-10 + -160)?
13
Suppose 36 = -0*j - 3*j. What are the prime factors of 34/3 + 4/j?
11
Let u = 17 - 14. What are the prime factors of u?
3
Let q = 11 + -15. List the prime factors of q/(-12) + (-56)/(-12).
5
Let u(d) = 31*d + 1. Let r be u(-1). List the prime factors of (r/(-25))/(2/20).
2, 3
Suppose -2*a = -4*t + 826, -5*a - 526 = -4*t + 285. What are the prime factors of t?
11, 19
Suppose 6*o = 4*o + 4. Let m be (-14 + 13)/(1/2). What are the prime factors of -4*m*o - -3?
19
Let b = -65 - -104. Suppose -27 = -2*s + b. Suppose -3*r = -5*w + r, 0 = 2*w + 5*r - s. List the prime factors of w.
2
Suppose 33 = 3*t + r - 41, 0 = 3*t - 4*r - 79. List the prim